) in base 13?
5a
212022111 (base 3) to base 13
7975
Convert -1174 (base 10) to base 4.
-102112
Convert 507 (base 13) to base 2.
1101010100
Convert -351 (base 16) to base 10.
-849
Convert -411 (base 11) to base 16.
-1f0
What is 1132021 (base 5) in base 15?
62c6
Convert 437 (base 10) to base 14.
233
What is 3510 (base 10) in base 8?
6666
What is 721 (base 14) in base 5?
21101
-11100000100 (base 2) to base 7
-5144
What is 1842 (base 12) in base 8?
5562
What is 14201 (base 6) in base 16?
8b9
What is -a9bb (base 13) in base 10?
-23645
What is -4b59 (base 13) in base 5?
-320341
Convert -13511 (base 6) to base 5.
-32011
1dd (base 15) to base 2
110110001
What is -45a (base 11) in base 16?
-225
Convert 1273 (base 8) to base 13.
41a
What is -2004 (base 9) in base 10?
-1462
Convert -13200 (base 5) to base 7.
-3030
What is 40165 (base 9) in base 6?
322052
Convert -222120 (base 3) to base 16.
-2cd
25901 (base 12) to base 11
35696
-2101030 (base 4) to base 13
-42ca
Convert 4249 (base 10) to base 3.
12211101
Convert 86 (base 11) to base 4.
1132
12000 (base 5) to base 7
2360
What is 13b82 (base 13) in base 12?
19591
-164 (base 15) to base 14
-18b
Convert -2442 (base 5) to base 7.
-1041
Convert 3caf (base 16) to base 9.
23271
Convert 11113 (base 5) to base 4.
30033
27a98 (base 11) to base 14
10792
What is 10101110011001 (base 2) in base 9?
16271
151 (base 8) to base 15
70
What is 11101 (base 2) in base 10?
29
Convert -220002 (base 3) to base 16.
-28a
6187 (base 12) to base 15
322a
Convert -341214 (base 5) to base 11.
-9073
-3090 (base 11) to base 16
-ffc
Convert -11473 (base 8) to base 11.
-3776
What is -aa3 (base 13) in base 12?
-107b
2051 (base 6) to base 4
13033
Convert 26a (base 15) to base 11.
460
What is 952 (base 11) in base 10?
1146
What is 322332 (base 4) in base 14?
1538
1220 (base 5) to base 3
20212
Convert 1cacc (base 13) to base 7.
324356
What is 1824 (base 9) in base 3?
1220211
Convert 13231 (base 7) to base 6.
24234
What is 8594 (base 11) in base 9?
16517
12112 (base 7) to base 12
19a1
1017 (base 11) to base 7
3635
Convert 3298 (base 11) to base 14.
1822
2b02 (base 16) to base 6
122550
-23311202 (base 4) to base 2
-1011110101100010
Convert -283 (base 15) to base 9.
-706
Convert 106136 (base 7) to base 6.
223405
What is -244 (base 6) in base 7?
-202
3143 (base 5) to base 10
423
What is -10429 (base 13) in base 10?
-29272
261a (base 12) to base 16
10f6
Convert 1020120 (base 3) to base 11.
754
What is 32317 (base 8) in base 4?
3103033
What is -1221310 (base 4) in base 9?
-10254
What is 374 (base 11) in base 10?
444
What is 379 (base 13) in base 8?
1137
525153 (base 6) to base 8
123175
Convert 2145 (base 9) to base 6.
11152
What is 2325 (base 11) in base 16?
bec
Convert -12133 (base 10) to base 8.
-27545
Convert -3413 (base 5) to base 11.
-3aa
-30102 (base 4) to base 14
-402
1405 (base 7) to base 2
1000100000
-2751 (base 8) to base 7
-4261
-1010 (base 3) to base 2
-11110
-111000011101 (base 2) to base 3
-11221211
1b8 (base 15) to base 3
112202
Convert -21875 (base 9) to base 4.
-3203213
-678 (base 15) to base 11
-1110
What is 2171 (base 16) in base 7?
33650
What is -137 (base 15) in base 14?
-15b
Convert 1a45 (base 13) to base 6.
30132
Convert 2608 (base 10) to base 16.
a30
What is -2111110 (base 4) in base 10?
-9556
Convert 8230 (base 9) to base 11.
4584
146644 (base 7) to base 10
28795
a667 (base 12) to base 4
10130233
Convert 562 (base 7) to base 12.
201
Convert -201b (base 14) to base 10.
-5513
-1100101000110111 (base 2) to base 14
-14c19
What is -31e (base 16) in base 4?
-30132
Convert 3ca (base 13) to base 12.
481
31303020 (base 4) to base 2
1101110011001000
-11221013 (base 4) to base 11
-16400
What is a14 (base 13) in base 4?
122223
Convert 422 (base 11) to base 3.
200211
78b (base 13) to base 9
1702
What is 101100001 (base 2) in base 7?
1013
7124 (base 11) to base 10
9464
-40222 (base 5) to base 7
-10320
Convert -35980 (base 10) to base 2.
-1000110010001100
Convert -5bcb (base 15) to base 9.
-28722
-1010110100110000 (base 2) to base 12
-217a8
Convert bcd (base 16) to base 9.
4126
What is -545 (base 12) in base 16?
-305
-1441 (base 14) to base 2
-111000000001
Convert 110101010000 (base 2) to base 4.
311100
-3885 (base 10) to base 13
-19cb
What is 334 (base 6) in base 8?
202
Convert 15206 (base 10) to base 8.
35546
-8335 (base 11) to base 14
-4053
Convert 1ab (base 16) to base 9.
524
-143 (base 5) to base 4
-300
What is -140014 (base 5) in base 2?
-1011000000010
Convert -30ae (base 16) to base 7.
-51222
20110231 (base 4) to base 9
51681
What is -477 (base 13) in base 14?
-3d4
What is 730 (base 11) in base 13?
529
What is -928 (base 16) in base 12?
-1434
Convert -525 (base 8) to base 2.
-101010101
Convert -1645 (base 7) to base 8.
-1236
What is 13560 (base 7) in base 11?
287a
-91a0 (base 13) to base 16
-4e68
What is 6521 (base 14) in base 4?
10101001
-20013 (base 4) to base 16
-207
15c2 (base 13) to base 16
c80
Convert -54205 (base 7) to base 16.
-34a8
What is -41213 (base 5) in base 16?
-a7b
What is -16604 (base 10) in base 2?
-100000011011100
1201330 (base 6) to base 12
30246
What is -3b8 (base 13) in base 9?
-811
Convert 1100010000010011 (base 2) to base 3.
2112212002
What is 233323 (base 5) in base 11?
64a8
What is 375 (base 15) in base 3?
1002002
-10b (base 16) to base 9
-326
What is -1123302 (base 4) in base 5?
-141444
-905 (base 15) to base 16
-7ee
Convert -32335 (base 6) to base 14.
-189d
-323 (base 14) to base 16
-26b
-600 (base 13) to base 9
-1346
Convert -12300111 (base 4) to base 15.
-82e9
75 (base 8) to base 11
56
2aa (base 11) to base 8
552
Convert 1b1 (base 15) to base 7.
1066
What is -1e2 (base 16) in base 12?
-342
2023 (base 6) to base 10
447
What is 1011111100 (base 2) in base 3?
1001022
Convert -3edd (base 15) to base 4.
-3102223
3202 (base 8) to base 14
870
What is -100032001 (base 4) in base 9?
-111114
What is -4284 (base 12) in base 7?
-30166
Convert -1320120 (base 4) to base 9.
-11510
Convert 2323 (base 13) to base 8.
11502
What is -122120012 (base 3) in base 2?
-11001000000011
What is -17404 (base 8) in base 6?
-100432
Convert 968 (base 15) to base 2.
100001001011
Convert 412213 (base 6) to base 10.
32913
13171 (base 9) to base 11
6755
Convert -430c (base 15) to base 16.
-376b
Convert -545 (base 11) to base 2.
-1010001110
What is 4c75 (base 15) in base 4?
3332312
123 (base 7) to base 13
51
What is -5da4 (base 15) in base 16?
-4df2
Convert 4204 (base 5) to base 4.
20222
Convert -1114442 (base 5) to base 6.
-232325
What is -30020 (base 4) in base 8?
-1410
-306 (base 16) to base 13
-477
-1463 (base 7) to base 16
-248
What is 31322 (base 4) in base 15?
3e5
What is -e1fa (base 16) in base 12?
-2958a
101031 (base 4) to base 2
10001001101
What is -1454 (base 12) in base 13?
-1102
What is 2156 (base 12) in base 7?
13455
Convert 555 (base 16) to base 15.
610
-1020210020 (base 3) to base 8
-60066
Convert -30011110 (base 4) to base 7.
-264202
-51 (base 12) to base 8
-75
Convert -680 (base 9) to base 2.
-1000101110
What is -1b3 (base 12) in base 16?
-117
-97a (base 14) to base 12
-1100
Convert 4040 (base 13) to base 9.
13112
Convert -111 (base 5) to base 9.
-34
Convert -1194 (base 15) to base 12.
-21b7
What is -787 (base 9) in base 6?
-2554
What is 21010 (base 5) in base 10?
1380
What is -18547 (base 10) in base 13?
-8599
What is 10784 (base 11) in base 16?
3cdc
Convert 2b70 (base 14) to base 13.
36a7
What is -322101 (base 4) in base 11?
-2890
What is 32465 (base 10) in base 9?
48472
What is 10010111110 (base 2) in base 13?
725
Convert -424 (base 5) to base 16.
-72
-508e (base 16) to base 15
-619c
What is 47c (base 14) in base 10?
894
Convert -101103 (base 5) to base 14.
-12a2
What is -100101100110 (base 2) in base 16?
-966
Convert 25200 (base 12) to base 4.
30103200
Convert -620 (base 10) to base 13.
-389
2de (base 16) to base 15
33e
What is 4bb (base 15) in base 3?
1110212
21054 (base 7) to base 14
1c64
What is 130231 (base 4) in base 12?
1091
-1222021 (base 4) to base 15
-202d
1626 (base 10) to base 11
1249
What is -5205 (base 6) in base 9?
-1525
Convert -186 (base 14) to base 16.
-13a
-100202122 (base 3) to base 9
-10678
Convert -11212211 (base 3) to base 9.
-4784
1430 (base 6) to base 5
3003
What is -2c8 (base 13) in base 